at is the units digit of j?
2
Let y be (-25)/(-2) + (-3)/(-6). Let i = y - 6. What is the units digit of i?
7
Suppose -3*q + 25 = -47. What is the units digit of q?
4
Suppose 0 = s + 4*s - d - 14, 4*d = -s + 7. Suppose -3*z - 3*c + 11 + 1 = 0, 0 = s*z + 4*c - 14. What is the units digit of z?
2
Suppose -2*b - 6 = 2*y, -5*y + 2 - 5 = 2*b. What is the tens digit of 23 - (1 - y)/2?
2
Suppose -4*p + 3*m + 250 = 0, 0 = -2*p + m - 2*m + 130. What is the units digit of p?
4
Let f be 4 + (-2)/4*-2. Suppose 3*w + 31 = f*w - g, -3*w + 14 = 5*g. What is the tens digit of w?
1
Suppose -3*t + 12 = 0, -4*t = -3*g - 3*t - 49. Let x = 8 + g. Let v(z) = -z**2 - 6*z + 8. What is the units digit of v(x)?
1
Let s(q) = q**3 + 12*q**2 + 10*q - 1. Let u be s(-11). Let l(h) = -h**3 + 11*h**2 - 10*h + 3. What is the units digit of l(u)?
3
Let m(j) = -j + 4. Let y(g) = 7*g**3 - g - 1. Let a be y(-1). What is the units digit of m(a)?
1
What is the units digit of 12 - 1 - (-6 + 5)?
2
Let a = 73 - -57. What is the tens digit of a?
3
Let g = 19 + -30. Let h = -8 - g. Suppose 0 = 3*n - 24 - h. What is the units digit of n?
9
What is the units digit of 3/(-12) - (-242)/8?
0
Let u = 118 + -79. What is the units digit of u?
9
Let u = -73 + 342. What is the hundreds digit of u?
2
Let a = -47 + 96. What is the tens digit of a?
4
Let m = 41 - 12. What is the tens digit of m?
2
Let n = 3 + 2. Let v = 2 + n. What is the units digit of v?
7
Let q(p) = -p**3 + p**2 + p + 5. Let x be q(0). Suppose u - 3*i = -0*u + 2, 0 = 4*u - x*i - 36. What is the tens digit of u?
1
Suppose 4*d + 5 = 77. What is the tens digit of d?
1
Let b = 3 - 4. Let w be -1 - 1/(b/13). Let z(y) = -y**2 + 13*y + 1. What is the tens digit of z(w)?
1
Let u(x) = x**2 + 6*x + 2. Let p(l) = 3*l**2 + 19*l + 5. Let y(c) = -2*p(c) + 7*u(c). What is the units digit of y(-4)?
4
Suppose 4*m = 3*u - 34, -5*u + m + 38 = -m. Let n = -7 + u. What is the units digit of n + 5 - (-2)/2?
5
Suppose 0 = -r - r + 56. What is the tens digit of r?
2
Let l(f) = -3*f**2 - f**3 - 3*f**2 - 6*f + 0*f**3 - 3. Let a be l(-5). What is the units digit of 10 + (-5)/(5/a)?
8
Suppose 0 = 2*z + 2*l - 32, 4 = -z + 5*l - 10. Let k = -8 + z. Suppose -k + 35 = 4*v. What is the units digit of v?
8
Let j be 5 + -6 + 3 + -2. Suppose 0 = -4*y - j*y + 48. What is the units digit of y?
2
Let w(i) = -i**3 + 2*i**2 + i. Let v be w(2). Suppose -5*x - 90 = -2*u - x, -v*u = 2*x - 90. What is the units digit of u?
5
Suppose -9*v = 96 - 1050. What is the hundreds digit of v?
1
Suppose 5*w + 2*o = 25, -4*o + 13 = 5*w - 22. Suppose 30 = w*p - p. Suppose -2*q + p = -q. What is the units digit of q?
5
Let r(d) = -15*d**2 + 3*d - 1. Let c(p) = -p**2 - p + 1. Let u(v) = -2*c(v) - r(v). What is the units digit of u(-1)?
7
Suppose 78 = -5*b - 197. Let w(y) = -y**3 + 8*y**2 - 7*y - 1. Let p be w(7). What is the units digit of b/(-25) - p/(-5)?
2
Let k(u) = -6*u + 4*u + 1 - u. Let l be k(-3). Suppose 0 = 2*v + l, -2*t - 19 = -t + 4*v. What is the units digit of t?
1
Suppose -3*x + b + 171 = 0, 157 + 11 = 3*x - 2*b. What is the units digit of x?
8
Suppose 16*f = 13*f + 279. What is the units digit of f?
3
Suppose -2*k = -3*k + 86. What is the tens digit of k?
8
Suppose 5*y = 3*y + 10, -5*u = -3*y + 35. Let v = u - -7. What is the units digit of 1/v + (-17)/(-3)?
6
Let r = 220 - 130. What is the units digit of r?
0
Let s(m) = -m**3 + 4*m**2 - m + 5. Let o(n) = -n + 4. Let z be o(6). Let d be 1/(z*(-2)/16). What is the units digit of s(d)?
1
Let q(l) = 2*l - 6. Let m be q(6). Suppose 3 = -3*v + m. Suppose v = -3*h + 10. What is the units digit of h?
3
Suppose 3*f = -4*f + 203. What is the tens digit of f?
2
What is the units digit of (-45)/(-25)*(4 + 1)?
9
Let j be -2 - (15/(-3) + 1). Suppose j*n - 9 = 5*c, -4*c + 0*c = -4*n + 12. Suppose -n*t - 4 = -2*u + 4, 0 = -3*u - 2*t + 27. What is the units digit of u?
7
Suppose -18*c - 252 = -20*c. What is the hundreds digit of c?
1
Let h = -8 - -20. Let n = 13 - h. What is the units digit of n?
1
Let b = -12 + 21. What is the units digit of b?
9
Suppose 324 = 4*k - 544. What is the units digit of k?
7
Let f be -3*((-8)/(-6) - 2). What is the units digit of (f - (0 + -12)) + 1?
5
Suppose 4*d - r = 80, -5*d + 51 = -2*r - 46. What is the units digit of d?
1
Suppose -g - 2 = -32. Let u = 48 - g. Suppose -3*h = 2*b - u, 2*b + b - 5*h = -11. What is the units digit of b?
3
Let o(h) = -h**3 + 5*h**2 - 4*h - 1. Let c be o(3). Suppose -4*x + 24 = u, -c*u + 10 = -5*x + 3*x. What is the units digit of x?
5
Let a = -3 + -1. What is the units digit of ((-3)/1)/(a + 3)?
3
Suppose x - i - 142 = 37, 0 = x + 5*i - 149. What is the hundreds digit of x?
1
What is the tens digit of (60 - 6/2) + 1?
5
Suppose 6*a + 2*a - 464 = 0. What is the units digit of a?
8
Let u = 348 + -160. What is the units digit of u?
8
Suppose -4*y = j - 41, 5*y + 0*y - 5*j = 45. Let d = -20 + y. Let n = 11 + d. What is the units digit of n?
1
Suppose -5*l + 11*l - 24 = 0. What is the units digit of l?
4
Let j(y) = -y**3 + 6*y**2 + y + 1. What is the units digit of j(6)?
7
Let p be (-5 - 2) + 1 + -3. Let l(g) = -g**2 - 12*g - 13. What is the tens digit of l(p)?
1
Let u = -19 - -39. What is the tens digit of u?
2
Let r(w) = w**3 - w + 11. Let c be r(0). Let z be 7/(-2*(-3)/(-6)). Let y = c + z. What is the units digit of y?
4
Suppose 0*y = 4*y. Suppose -w - w = y. Suppose w = -c + 4*c + 5*i - 3, 4*i = 3*c - 3. What is the units digit of c?
1
Let j(q) = q**2 + 6. Let v be j(-8). Suppose -5*n = 4*z - v + 20, 0 = -n - 2*z + 4. Suppose -2*s + 2*g + n = g, -3*s = -2*g - 23. What is the units digit of s?
5
Let d = -13 - -11. Let r(f) = f**2 + 4*f + 1. Let h be r(-4). What is the units digit of (-1)/(d + 1) + h?
2
Suppose -4*c - 6 + 14 = 0. Suppose c*v + 100 = 2*a + 4*v, -3*a - 2*v + 147 = 0. What is the units digit of a?
7
Let f = 100 - 57. What is the units digit of f?
3
Suppose -5*f + t = -73 + 17, 48 = 3*f + 3*t. Let d = 18 - f. What is the units digit of d?
6
Let n(y) = y**3 - y + 29. Let g be n(0). Let k = g - 6. What is the tens digit of k?
2
Suppose 0*g - 5*g = 0. Let v be (g - -5*1)*3. Let h = -11 + v. What is the units digit of h?
4
Suppose 5*r - 2 = 4*r. Let y = 10 - r. What is the units digit of y?
8
Suppose 7 - 31 = -y. Let q be (-4 + 3)/((-2)/y). What is the units digit of 4*-1*(-15)/q?
5
Suppose 0*g = -5*g - 100. What is the units digit of -22*(g/(-8) + -3)?
1
Let w be -3*(3 + 0 + -4). Suppose 6*r - 3*r - w = 0. What is the units digit of r?
1
Let r = -119 + 166. What is the units digit of r?
7
Let k = -36 + 62. What is the tens digit of k?
2
What is the units digit of -1*(2 + 4)*(-1 - 5)?
6
Let m = 1 + -1. Suppose -4*s + 16 = 4*y, -5*s = -m*y - 5*y - 30. What is the units digit of 6*2 + 1/y?
1
Let j(n) be the first derivative of -n**3/3 - 5*n**2/2 + 3*n + 4. What is the units digit of j(-5)?
3
Let y = 1 - -1. Suppose -y*u + u = -5. Suppose c - u*c = -36. What is the units digit of c?
9
Suppose 0 = -2*k - k + 12, -2*k = -4*f - 44. Suppose 30 = -0*u + 5*u. What is the units digit of (u/f)/(8/(-108))?
9
Suppose -4*v = 3*b + 5, 0 = -4*b - v + 6*v + 14. What is the units digit of b?
1
Let r = 54 + -12. Suppose -5*w + 42 = 3*f, -3*f + 2*w + r = 5*w. What is the units digit of f?
4
What is the units digit of 124/8 - (-3)/6?
6
Let q(i) = i**2 - 5*i + 8. What is the units digit of q(5)?
8
Suppose 0*z + 3*r = 5*z - 20, -4*r = 2*z - 34. Let u(i) = i**2 + 2*i - 10. What is the tens digit of u(z)?
5
Let g(u) = -14*u + 59. What is the tens digit of g(-11)?
1
Suppose 2*c = m - 4, 18 = -4*m - c + 70. What is the units digit of m?
2
Suppose m - 113 = 75. Suppose 4*w + 56 - m = 0. Suppose -5*f - w = -3*g, -8*g + 3*g + 4*f + 55 = 0. What is the units digit of g?
1
Suppose 22 = 3*q + 1. What is the units digit of q?
7
Let g(j) = j**2 - j - 1. Let i be g(0). Let x be -2 + 16 + i + 3. What is the units digit of ((-16)/(-6))/(x/72)?
2
Let o(a) = 3*a**2 - 4*a + 6. What is the tens digit of o(6)?
9
Let o(d) = 4*d - 1. Let t be o(3). Let j = t + -6. Suppose 5 + 15 = j*c. What is the units digit of c?
4
Suppose 30*t - 25*t - 800 = 0. What is the hundreds digit of t?
1
Suppose -j - 2*j = 0. Suppose -s + j = -3. Suppose s*a + 32 = 7*a. What is the units digit of a?
8
Let f(a) = -a**3 - 11*a**2 - 9*